{"id":52,"date":"2024-07-20T10:28:37","date_gmt":"2024-07-20T08:28:37","guid":{"rendered":"http:\/\/anwklsd.cluster029.hosting.ovh.net\/?page_id=52"},"modified":"2024-07-31T17:59:08","modified_gmt":"2024-07-31T15:59:08","slug":"qui-suis-je","status":"publish","type":"page","link":"https:\/\/verosanto.fr\/index.php\/qui-suis-je\/","title":{"rendered":"Qui suis-je?"},"content":{"rendered":"<div class=\"wp-block-image\">\n<figure class=\"aligncenter size-large is-resized\"><img loading=\"lazy\" decoding=\"async\" width=\"1014\" height=\"1024\" src=\"http:\/\/anwklsd.cluster029.hosting.ovh.net\/wp-content\/uploads\/2024\/07\/signal-2024-07-11-19-03-10-481-1014x1024.jpg\" alt=\"\" class=\"wp-image-56\" style=\"width:362px;height:auto\" srcset=\"https:\/\/verosanto.fr\/wp-content\/uploads\/2024\/07\/signal-2024-07-11-19-03-10-481-1014x1024.jpg 1014w, https:\/\/verosanto.fr\/wp-content\/uploads\/2024\/07\/signal-2024-07-11-19-03-10-481-297x300.jpg 297w, https:\/\/verosanto.fr\/wp-content\/uploads\/2024\/07\/signal-2024-07-11-19-03-10-481-150x150.jpg 150w, https:\/\/verosanto.fr\/wp-content\/uploads\/2024\/07\/signal-2024-07-11-19-03-10-481-768x776.jpg 768w, https:\/\/verosanto.fr\/wp-content\/uploads\/2024\/07\/signal-2024-07-11-19-03-10-481.jpg 1467w\" sizes=\"auto, (max-width: 1014px) 100vw, 1014px\" \/><\/figure>\n<\/div>\n\n\n<p class=\"has-text-align-center\"><strong>Ma pratique, mes formations&nbsp;: <\/strong><\/p>\n\n\n\n<p>Professeur des \u00e9coles depuis 30ans, je me suis form\u00e9e tout au long de mon parcours pour trouver des solutions \u00e0 la mise en \u0153uvre d\u2019une authentique expression de soi.<\/p>\n\n\n\n<p>J\u2019appartiens au groupe Freinet &#8211; p\u00e9dagogies nouvelles depuis mes d\u00e9buts.<\/p>\n\n\n\n<p>Jacques L\u00e9vine et le regard sur l\u2019enfant qu\u2019il a apport\u00e9 aux enseignants fut tr\u00e8s nourrissant.<\/p>\n\n\n\n<p>Fr\u00e9d\u00e9ric Lenoir aupr\u00e8s de qui je me suis form\u00e9e aux ateliers philo et la pratique de l\u2019attention.<\/p>\n\n\n\n<p>Form\u00e9e \u00e9galement en compl\u00e9ment \u00e0 la Communication Non Violente, la pratique de la m\u00e9ditation Pleine Conscience<\/p>\n\n\n\n<p>Soins \u00e9nerg\u00e9tiques et G\u00e9obiologie avec Yann Lipnick (\u00e9cole OVILORO\u00cf)<\/p>\n\n\n\n<p>Armelle Six programme \u00ab&nbsp;grandir ensemble&nbsp;\u00bb et parentalit\u00e9&nbsp;\/ enseignement conscient<\/p>\n\n\n<div class=\"wp-block-image\">\n<figure class=\"aligncenter size-large is-resized\"><img loading=\"lazy\" decoding=\"async\" width=\"1024\" height=\"768\" src=\"http:\/\/anwklsd.cluster029.hosting.ovh.net\/wp-content\/uploads\/2024\/07\/signal-2024-07-11-18-18-05-607-1024x768.jpg\" alt=\"\" class=\"wp-image-53\" style=\"width:396px;height:auto\" srcset=\"https:\/\/verosanto.fr\/wp-content\/uploads\/2024\/07\/signal-2024-07-11-18-18-05-607-1024x768.jpg 1024w, https:\/\/verosanto.fr\/wp-content\/uploads\/2024\/07\/signal-2024-07-11-18-18-05-607-300x225.jpg 300w, https:\/\/verosanto.fr\/wp-content\/uploads\/2024\/07\/signal-2024-07-11-18-18-05-607-768x576.jpg 768w, https:\/\/verosanto.fr\/wp-content\/uploads\/2024\/07\/signal-2024-07-11-18-18-05-607-1536x1152.jpg 1536w, https:\/\/verosanto.fr\/wp-content\/uploads\/2024\/07\/signal-2024-07-11-18-18-05-607-1568x1176.jpg 1568w, https:\/\/verosanto.fr\/wp-content\/uploads\/2024\/07\/signal-2024-07-11-18-18-05-607.jpg 2048w\" sizes=\"auto, (max-width: 1024px) 100vw, 1024px\" \/><\/figure>\n<\/div>\n\n\n<p class=\"has-text-align-center\"><strong>Mon parcours, mon histoire<\/strong><\/p>\n\n\n\n<p>Je suis maitresse d&rsquo;\u00e9cole depuis 30 ans et j&rsquo;ai suivi la formation \u00ab\u00a0grandir ensemble\u00a0\u00bb il y a 2 ans aupr\u00e8s de Armelle Six. Cela m&rsquo;a beaucoup aid\u00e9 pour accompagner mes parents d&rsquo;\u00e9l\u00e8ves et mes \u00e9l\u00e8ves car sa proposition sonne tellement juste pour moi dans ce que je m\u2019efforce de mettre en place dans ma classe depuis toujours.  J\u2019ai \u00e9t\u00e9 tout particuli\u00e8rement touch\u00e9e par ce qu\u2019elle proposait pour les enseignants, ce travail essentiel d\u2019\u00e9coute int\u00e9rieure et de pr\u00e9sence \u00e0 nos mouvements int\u00e9rieurs.<\/p>\n\n\n\n<p>Je suis depuis mes d\u00e9buts interpell\u00e9e par cette probl\u00e9matique, c&rsquo;est \u00e0 dire que je constate autour de moi et pour moi-m\u00eame \u00e9galement, beaucoup de souffrance enseignante (et donc personnelle car nous nous sentons d\u00e9munis) notamment dans la gestion \u00e9motionnelle face \u00e0 des \u00e9l\u00e8ves \u00ab\u00a0complexes\u00a0\u00bb et donc bien s\u00fbr \u00e0 ce qu&rsquo;ils nous renvoient de nous-m\u00eame. \u00ab&nbsp;Comment faire et quoi en faire&nbsp;\u00bb dans le respect de chacun ! Il y aurait l\u00e0 une telle possibilit\u00e9 de grandir ensemble, le potentiel est \u00e9norme, si seulement on pouvait sortir du d\u00e9ni \u00e0 ce sujet et bien vouloir se lancer dans des solutions et des outils concrets pour apprendre \u00e0 utiliser ce creuset fertile pour grandir v\u00e9ritablement ensemble&nbsp;! Pour moi c\u2019est tellement riche et \u00e9galement tr\u00e8s confrontant et difficile d\u2019o\u00f9 l\u2019importance d\u2019y travailler et de pouvoir \u00eatre accompagn\u00e9 et aid\u00e9. J\u2019ai trouv\u00e9 aupr\u00e8s de Armelle une vraie solution pour les temps nouveaux, un vrai outil pour se connecter \u00e0 soi-m\u00eame pour mieux g\u00e9rer les situations difficiles et confrontantes.<\/p>\n\n\n\n<p>Il y a peu d&rsquo;outils sur le sujet&nbsp;! D\u00e9j\u00e0 de r\u00e9ussir \u00e0 faire reconnaitre que lorsque l\u2019on a des difficult\u00e9s en classe face \u00e0 un \u00e9l\u00e8ve d\u00e9pend \u00e9galement du regard que je (enseignant) vais pouvoir poser sur ce probl\u00e8me selon mon chemin personnel, c\u2019est tr\u00e8s compliqu\u00e9 dans notre milieu professionnel. Dans cette optique je me suis form\u00e9e depuis presque 20 ans aux \u00ab\u00a0Groupes de Soutien au Soutien\u00a0\u00bb (soit des groupes de paroles, d\u2019\u00e9changes de pratiques pour les enseignants selon le mod\u00e8le des groupes Balint pour les infirmier(e)s) propos\u00e9s par l&rsquo;AGSAS de Jacques L\u00e9vine. J&rsquo;y ai trouv\u00e9 beaucoup de r\u00e9ponses. Je fais \u00e9galement partie de l\u2019ICEM depuis mes d\u00e9buts (Institut Coop\u00e9ratif de l\u2019Ecole Moderne soit mouvement Freinet) qui m\u2019a permis de trouver des outils concrets \u00e0 l\u2019expression et \u00e0 la cr\u00e9ativit\u00e9. Je me forme aussi \u00e0 la Communication Non-Violente de M.Rosenberg.<\/p>\n\n\n\n<p>La formation que j\u2019ai suivie cette ann\u00e9e aupr\u00e8s de Armelle Six (Accompagnement \u00e0 la Parentalit\u00e9 et Enseignement Conscient) a couronn\u00e9 le tout d\u2019une voie pour moi dans laquelle je me sens tr\u00e8s align\u00e9e, \u00e0 ma juste place .<\/p>\n\n\n\n<p>C\u2019est pour toutes ces raisons que je sens l\u2019\u00e9lan aujourd\u2019hui de proposer des accompagnements aupr\u00e8s des parents et \u00e9galement aupr\u00e8s des enseignants afin de pouvoir faire face et place \u00e9galement \u00e0 la gestion du probl\u00e8me relationnel avec nos enfants ou nos \u00e9l\u00e8ves selon l\u2019angle de ce qui se joue en chacun de nous. C&rsquo;est tellement important et riche ! Le tout dans la bienveillance, l\u2019authenticit\u00e9 et le respect<\/p>\n\n\n\n<figure class=\"wp-block-image size-large\"><img loading=\"lazy\" decoding=\"async\" width=\"1024\" height=\"932\" src=\"https:\/\/verosanto.fr\/wp-content\/uploads\/2024\/07\/signal-2024-07-11-19-02-47-099-1024x932.jpg\" alt=\"\" class=\"wp-image-142\" srcset=\"https:\/\/verosanto.fr\/wp-content\/uploads\/2024\/07\/signal-2024-07-11-19-02-47-099-1024x932.jpg 1024w, https:\/\/verosanto.fr\/wp-content\/uploads\/2024\/07\/signal-2024-07-11-19-02-47-099-300x273.jpg 300w, https:\/\/verosanto.fr\/wp-content\/uploads\/2024\/07\/signal-2024-07-11-19-02-47-099-768x699.jpg 768w, https:\/\/verosanto.fr\/wp-content\/uploads\/2024\/07\/signal-2024-07-11-19-02-47-099.jpg 1320w\" sizes=\"auto, (max-width: 1024px) 100vw, 1024px\" \/><\/figure>\n","protected":false},"excerpt":{"rendered":"<p>Ma pratique, mes formations&nbsp;: Professeur des \u00e9coles depuis 30ans, je me suis form\u00e9e tout au long de mon parcours pour trouver des solutions \u00e0 la mise en \u0153uvre d\u2019une authentique expression de soi. J\u2019appartiens au groupe Freinet &#8211; p\u00e9dagogies nouvelles depuis mes d\u00e9buts. Jacques L\u00e9vine et le regard sur l\u2019enfant qu\u2019il a apport\u00e9 aux enseignants<a class=\"more-link\" href=\"https:\/\/verosanto.fr\/index.php\/qui-suis-je\/\">Lire la suite <span class=\"screen-reader-text\">\u00ab\u00a0Qui suis-je?\u00a0\u00bb<\/span><\/a><\/p>\n","protected":false},"author":1,"featured_media":0,"parent":0,"menu_order":0,"comment_status":"closed","ping_status":"closed","template":"","meta":{"footnotes":""},"class_list":["post-52","page","type-page","status-publish","hentry","entry"],"_links":{"self":[{"href":"https:\/\/verosanto.fr\/index.php\/wp-json\/wp\/v2\/pages\/52","targetHints":{"allow":["GET"]}}],"collection":[{"href":"https:\/\/verosanto.fr\/index.php\/wp-json\/wp\/v2\/pages"}],"about":[{"href":"https:\/\/verosanto.fr\/index.php\/wp-json\/wp\/v2\/types\/page"}],"author":[{"embeddable":true,"href":"https:\/\/verosanto.fr\/index.php\/wp-json\/wp\/v2\/users\/1"}],"replies":[{"embeddable":true,"href":"https:\/\/verosanto.fr\/index.php\/wp-json\/wp\/v2\/comments?post=52"}],"version-history":[{"count":5,"href":"https:\/\/verosanto.fr\/index.php\/wp-json\/wp\/v2\/pages\/52\/revisions"}],"predecessor-version":[{"id":143,"href":"https:\/\/verosanto.fr\/index.php\/wp-json\/wp\/v2\/pages\/52\/revisions\/143"}],"wp:attachment":[{"href":"https:\/\/verosanto.fr\/index.php\/wp-json\/wp\/v2\/media?parent=52"}],"curies":[{"name":"wp","href":"https:\/\/api.w.org\/{rel}","templated":true}]}}